{"id":63,"date":"2014-03-14T10:50:10","date_gmt":"2014-03-14T09:50:10","guid":{"rendered":"http:\/\/cem-concept.com\/?page_id=63"},"modified":"2016-01-07T22:04:38","modified_gmt":"2016-01-07T21:04:38","slug":"contact","status":"publish","type":"page","link":"https:\/\/cem-concept.com\/?page_id=63","title":{"rendered":"Contact"},"content":{"rendered":"<p>J\u00e9r\u00f4me Cem Ispanak\u00e7i<br \/>\ncem@cem-concept.com<br \/>\n+33(0)6 81 20 84 24<\/p>\n","protected":false},"excerpt":{"rendered":"<p>J\u00e9r\u00f4me Cem Ispanak\u00e7i cem@cem-concept.com +33(0)6 81 20 84 24<\/p>\n","protected":false},"author":1,"featured_media":0,"parent":0,"menu_order":0,"comment_status":"open","ping_status":"open","template":"","meta":{"footnotes":""},"class_list":["post-63","page","type-page","status-publish","hentry"],"_links":{"self":[{"href":"https:\/\/cem-concept.com\/index.php?rest_route=\/wp\/v2\/pages\/63","targetHints":{"allow":["GET"]}}],"collection":[{"href":"https:\/\/cem-concept.com\/index.php?rest_route=\/wp\/v2\/pages"}],"about":[{"href":"https:\/\/cem-concept.com\/index.php?rest_route=\/wp\/v2\/types\/page"}],"author":[{"embeddable":true,"href":"https:\/\/cem-concept.com\/index.php?rest_route=\/wp\/v2\/users\/1"}],"replies":[{"embeddable":true,"href":"https:\/\/cem-concept.com\/index.php?rest_route=%2Fwp%2Fv2%2Fcomments&post=63"}],"version-history":[{"count":3,"href":"https:\/\/cem-concept.com\/index.php?rest_route=\/wp\/v2\/pages\/63\/revisions"}],"predecessor-version":[{"id":147,"href":"https:\/\/cem-concept.com\/index.php?rest_route=\/wp\/v2\/pages\/63\/revisions\/147"}],"wp:attachment":[{"href":"https:\/\/cem-concept.com\/index.php?rest_route=%2Fwp%2Fv2%2Fmedia&parent=63"}],"curies":[{"name":"wp","href":"https:\/\/api.w.org\/{rel}","templated":true}]}}